t l be w(-5). Let a be (0/5)/((-6)/3). Suppose a = -5*m + b + 111, l*m - 3*b = m + 47. What is the units digit of m?
2
Suppose 90 = b + 138. Suppose -3*p + 207 = -3*r, 3*r = 5*p - 276 - 77. Let g = p + b. What is the units digit of g?
5
Let h = 11537 + -6765. What is the units digit of h?
2
Let d(i) = 9 + 2*i + 0*i - i. Let f(n) = 11*n**2 - 110*n + 4. Let w be f(10). What is the units digit of d(w)?
3
Suppose -2*a + 6 = -0*a. Suppose -14 + 23 = a*m. Suppose m*b - 68 = -b. What is the units digit of b?
7
Let p be (-4)/(-24) - 2974/(-12). Suppose 2*c + 6*c - p = 0. What is the tens digit of c?
3
Suppose 3*u - 2338 = 2159. What is the hundreds digit of u?
4
Suppose -12 = -2*z - 68. Let t = -1 - z. What is the tens digit of t?
2
Let k(f) = 2*f - 3. Let g be k(3). Suppose m = -4*y + 20, -3*m - 32 + 2 = -g*y. What is the tens digit of 16 + -1 - (-12)/y?
1
Let u(t) = -3 - 13 - 6*t + t**2 - 5. Let n be u(9). What is the tens digit of (-289)/(-6) - 1/n?
4
Let k(q) = -12*q - 2. Let w be k(4). Suppose -4*u + 199 = -105. Let z = u + w. What is the tens digit of z?
2
Let o = -10 + 12. Let b(f) = -1 - o + 2*f + 0*f. What is the units digit of b(2)?
1
Suppose -243 = -3*w - 3*m, -2*w + 9*m - 4*m + 197 = 0. Let p = w - 28. Suppose -185 = -5*z - 2*j, -3*z + p = -5*j - 53. What is the tens digit of z?
3
Let c(r) = r**2 - 13*r + 14. Let t be -9*(7/(-3) - -1). Let w be c(t). What is the units digit of 132/5 + w/(-5)?
6
Suppose 3*y + 3*w = 30 - 9, -2 = 4*y - 2*w. Suppose -i = y*i. Let z = i + 8. What is the units digit of z?
8
Let t = -16 + 16. Suppose t = 5*r - 89 - 221. Suppose 2*u - 4*u + r = 0. What is the units digit of u?
1
Let x(y) be the second derivative of 4*y**3 - 3*y**2 - y. Let t(b) = -5*b + 1. Let d(k) = -14*t(k) - 3*x(k). What is the tens digit of d(-11)?
2
Let u(h) = h**2 + h. Let q(a) = -3*a**3 - a**2 - 7*a - 2. Let m(r) = q(r) + 3*u(r). What is the hundreds digit of m(-3)?
1
Suppose -5*f = -5*w + 5, 6*w = 4*f + w + 7. Suppose f*m - 288 = -2*m + 5*o, 5*m - o - 360 = 0. What is the tens digit of m?
7
What is the thousands digit of (-15)/(-20)*(2443 - (-6 - -5))?
1
Suppose y + 2*y + m = -60, y + m = -22. Let x be (-8)/(-28) + y/(-7). Suppose -4*p + 20 = 0, -3*d + x*p + 107 = 4*p. What is the units digit of d?
4
Let z(h) = 12*h**3 + 8*h**2 - 53*h + 7. What is the units digit of z(4)?
1
Suppose -812 = -3*y + 5*p, p = -10*y + 15*y - 1368. What is the hundreds digit of y?
2
Suppose 5*a - 5*m - 5040 = 0, 1348 + 680 = 2*a - 5*m. What is the tens digit of a?
0
Let r(u) = -36*u - 13. Let g be r(-6). Suppose 3*y - g = -4*y. What is the units digit of y?
9
Let i be (0 - -2)*(-21)/14 - -291. Let h = -191 + i. What is the units digit of h?
7
Let k = 63 - -41. Suppose 4*l + k = -x + 4*x, 2*l = 5*x - 164. What is the units digit of x?
2
Let p(d) = 11 - 23*d**2 + 13*d**2 + 7*d**2 - d**3 + 9*d + 0*d**3. Let x be p(-5). Suppose 2*w - 3*w = -x. What is the tens digit of w?
1
What is the tens digit of (1*(-6)/(-9))/(16/11688)?
8
Let b = 13 - 49. Let y = b - 2. Let l = y - -53. What is the units digit of l?
5
Let c = 809 - 523. Suppose 2*p = -4*w + c, 2*w - w - p - 76 = 0. What is the units digit of w?
3
Let n(u) = -2*u + 16. Let c be n(9). What is the tens digit of (c - -23)/(-1)*-1?
2
Let k = 4897 + -2850. What is the tens digit of k?
4
Let q(w) = -w**3 + 1. Suppose 4*n - 3 = 1. Let p be q(n). Suppose p = -3*v - v + 112. What is the tens digit of v?
2
Let g(x) = -43 + 14 + 158*x**2 + 12 + 15. What is the units digit of g(1)?
6
Let y = 5 - 14. Let k(f) = f**3 + 9*f**2 - 13*f - 19. What is the tens digit of k(y)?
9
Suppose 0 = -8*t + 12*t - 3092. What is the hundreds digit of t?
7
Suppose 502 = 5*g + 2*w, -401 = g - 5*g - w. Suppose 2*z - g = 284. What is the hundreds digit of z?
1
Suppose -7*n = q - 4*n - 4758, -2*q = -n - 9530. What is the tens digit of q?
6
Suppose 3*v - 9225 = -804. What is the thousands digit of v?
2
Suppose -9*k + 8 = -7*k. Let f be k - 2/(4 + -6). What is the units digit of (-3 + 1 + f)*3?
9
Suppose -4*g + c = -g - 520, -5*g - 2*c + 852 = 0. Suppose 67*i - 71*i = -g. What is the units digit of i?
3
Suppose -11*d + 28*d - 42840 = 0. What is the hundreds digit of d?
5
Let v(m) = 54*m - 464. What is the hundreds digit of v(27)?
9
Let g = 11116 - 7543. What is the hundreds digit of g?
5
Let l = 404 + -269. Let a = 619 - l. Suppose -5*i - 169 = -a. What is the tens digit of i?
6
Let z = 48 + -46. Suppose -2*l + 289 = -c, -z*l - 2*l - c = -563. What is the tens digit of l?
4
Let n = -5715 + 8822. What is the thousands digit of n?
3
Suppose -25 = 5*s + 3*y, 5 = -s - 5*y - 0*y. Let j(g) = -2*g**3 - 4*g**2 - 5*g - 24. What is the tens digit of j(s)?
5
Let n = 7 + -7. Suppose n = -5*k - 13 + 33. Suppose -39 = -k*h + h. What is the tens digit of h?
1
Let d be (-12)/15 - (-72)/(-10). What is the tens digit of (-14202)/(-144) + (-3)/d?
9
Suppose -26*f + 22*f = -s + 761, -4*f - 1506 = -2*s. What is the hundreds digit of s?
7
Let l = -191 + 355. Let o = l + -102. What is the units digit of o?
2
Suppose -3*x + 861 = 3*r, -5*r + x + 1492 - 87 = 0. What is the tens digit of ((-2 - -6)/4)/(2/r)?
4
Let s(u) = 21*u + 2. What is the tens digit of s(17)?
5
Suppose -584 = -6*j - 2*j. Suppose 0 = 5*a - 5*u - j - 1007, -a + 226 = -3*u. What is the hundreds digit of a?
2
Suppose 22 - 37 = 5*f, 4*g - 614 = 2*f. What is the units digit of g?
2
Let k(w) = 4*w**3 + 5*w**2 - 17*w + 123. Let h(o) = -o**3 - o**2 + 4*o - 31. Let s(f) = -9*h(f) - 2*k(f). What is the tens digit of s(0)?
3
Let v(g) be the first derivative of -g**4/4 - 5*g**3/3 + 5*g**2/2 - 14*g - 2. Let w be v(-6). What is the units digit of (-9)/(90/w)*55?
4
Suppose 8*k + 6 = 38. Suppose -p - 6 - k = 0. What is the tens digit of p/2*1216/(-95)?
6
Suppose -2*k + 59 = -3*l, -4*l = -2*k + k + 17. Let b = 25 + k. What is the units digit of b?
2
Suppose 18*d - 71 = -17. Let l be ((-2)/4)/(2/(-452)). Suppose d*k - 1 = l. What is the units digit of k?
8
Let y(w) = 3*w**2 + 6*w - 32. What is the tens digit of y(12)?
7
Let f be (-108)/45*(-5)/2. Suppose f = t + 3. Suppose 2*v + v - 114 = -3*c, -t*c + 108 = -3*v. What is the units digit of c?
7
Suppose 62 - 18 = -4*h. Let w = 14 + h. Suppose -2 + 29 = w*l. What is the units digit of l?
9
Suppose -3*v = -3*f + 144, 0 = -f + 4*v - 28 + 70. Let c = -28 + f. Suppose -3*m + m = -c. What is the units digit of m?
1
What is the tens digit of 436/6 - (-28)/84?
7
Let x(h) = 59*h**3 - 2*h**2 + h. Let c be x(1). Let a be ((-6)/(-5))/3*70/(-2). Let y = a + c. What is the tens digit of y?
4
Suppose -17*t + 13*t + 1584 = 0. What is the tens digit of (t/8)/((-3)/(-4))?
6
Suppose -3*f - 3*u = -2844, -f + 2*u + 52 = -899. What is the hundreds digit of f?
9
What is the thousands digit of ((-1746)/8)/(84/(-448))?
1
Let l(r) be the first derivative of 2*r - 5 - 1/3*r**3 + 3*r**2. What is the units digit of l(6)?
2
Let u = 4 + 2. Let v(l) = 2*l**3 - 6*l**2 + 7*l - 21. What is the hundreds digit of v(u)?
2
Suppose 26*q - 18228 = 14766. What is the hundreds digit of q?
2
Suppose 7*g = -1555 + 6924. What is the units digit of g?
7
Let f be 2/3*(6 + -3). Suppose -4*o = -4*l, 2*o - 1 = l - f. What is the units digit of (7/3)/(o/(-6))?
4
Suppose -720 = -0*w + 2*w. Let r be w/32*(-8)/2. What is the units digit of 18/r + (-3)/(-5)?
1
Let x(h) = -70*h**2 + 2*h - 1. Let n be x(1). Let l = -41 - n. Suppose 3*d = 4*u - l, -4*u = 2*d + 3*d - 28. What is the units digit of u?
7
What is the units digit of 172*((-23)/12)/((-1)/3)?
9
Suppose 3*p + 3 + 0 = 0. Let h(c) = 4*c. Let a be h(p). Let r = a + 43. What is the units digit of r?
9
Let w = 117 - 29. Suppose -3*p + 212 = -w. What is the hundreds digit of p?
1
Let k(n) = -n**2 - 15*n - 2. Let l be k(-10). Suppose 4*v - 39 = -4*g + 65, 3*v - 3*g = l. What is the tens digit of v?
2
Let r(y) = 2*y**2 - y - 14. Suppose 13*a = 9*a + 28. What is the units digit of r(a)?
7
Suppose -4 - 4 = g + f, -4*f = -4*g. What is the units digit of g*(-372)/40*30/9?
4
Let n(c) = 15*c + 17. Let t = -16 + 21. What is the tens digit of n(t)?
9
Suppose -405 = -5*i - 3*g, 0 = -0*i - 3*i + 3*g + 267. Suppose 5*v = -y + i, -4*y - 5*v + 124 = -152. What is the units digit of y?
4
Let n(k) = k**3 + 6 + 15*k**2 - 23 - 39*k + 8*k. What is the tens digit of n(-16)?
2
Suppose -2*r + 7 + 15